{"id":33,"date":"2015-08-17T22:25:28","date_gmt":"2015-08-17T22:25:28","guid":{"rendered":"http:\/\/yukti.com.ar\/?page_id=33"},"modified":"2020-01-23T12:00:21","modified_gmt":"2020-01-23T12:00:21","slug":"contacto","status":"publish","type":"page","link":"https:\/\/yukti.com.ar\/index.php\/contacto\/","title":{"rendered":"Contacto"},"content":{"rendered":"<h2>Para contactar por <strong>Microdosis<br \/>\n<\/strong><\/h2>\n<p>en <strong>Salta, <\/strong>en el <a href=\"https:\/\/www.facebook.com\/MercadoVaquerenio\/?__tn__=%2Cd%2CP-R&amp;eid=ARB1Lisq5qsU9nRisobyD7ZNx9C1af6N3U1UiJYsLTbWP2rKqr_s3qDvSDc-BQDKXAjJbO0k8xiRVy3c\">Mercado Vaquere\u00f1o<\/a>, todos los s\u00e0bados de 9 a 15 hs.<\/p>\n<p>en <strong>C\u00f3rdoba<\/strong>, en la <a href=\"https:\/\/www.facebook.com\/FeriaAgroecologicaCordoba\/\">Feria Agroecol\u00f2gica de C\u00f2rdoba<\/a>, todos los s\u00e0bados de 9 a 13,30hs<\/p>\n<p>en <strong>R\u00eco Ceballos<\/strong>, en la <a href=\"https:\/\/www.facebook.com\/FeriaAgroecologicaRioCeballos\/#\">Feria Agroecol\u00f2gica de R\u00eco Ceballos<\/a>, todos los s\u00e0bados de 10 a 14hs<\/p>\n<p>en <strong>Unquillo<\/strong>, en la <a href=\"https:\/\/www.facebook.com\/profile.php?id=100009254224448\">Feria Serrana Agroecologica<\/a>, mi\u00e8rcoles de por medio, de 9 a 13hs<\/p>\n<p>en <strong>Tilcara (Jujuy)<\/strong>, en el Mercado Municipal, todos los s\u00e0bados de 8,30 a 13,30hs<\/p>\n<p><strong><br \/>\nPOR CONSULTAS O ENV\u00ceOS<\/strong> escribir un mail a <strong><em>info@yukti.com.ar\u00a0<\/em><\/strong><\/p>\n<p>Gracias!<\/p>\n","protected":false},"excerpt":{"rendered":"<p>Para contactar por Microdosis en Salta, en el Mercado Vaquere\u00f1o, todos los s\u00e0bados de 9 a 15 hs. en C\u00f3rdoba, en la Feria Agroecol\u00f2gica de C\u00f2rdoba, todos los s\u00e0bados de 9 a 13,30hs en R\u00eco Ceballos, en la Feria Agroecol\u00f2gica de R\u00eco Ceballos, todos los s\u00e0bados de 10 a 14hs en Unquillo, en la Feria [&hellip;]<\/p>\n","protected":false},"author":1,"featured_media":0,"parent":0,"menu_order":0,"comment_status":"closed","ping_status":"closed","template":"","meta":[],"_links":{"self":[{"href":"https:\/\/yukti.com.ar\/index.php\/wp-json\/wp\/v2\/pages\/33"}],"collection":[{"href":"https:\/\/yukti.com.ar\/index.php\/wp-json\/wp\/v2\/pages"}],"about":[{"href":"https:\/\/yukti.com.ar\/index.php\/wp-json\/wp\/v2\/types\/page"}],"author":[{"embeddable":true,"href":"https:\/\/yukti.com.ar\/index.php\/wp-json\/wp\/v2\/users\/1"}],"replies":[{"embeddable":true,"href":"https:\/\/yukti.com.ar\/index.php\/wp-json\/wp\/v2\/comments?post=33"}],"version-history":[{"count":9,"href":"https:\/\/yukti.com.ar\/index.php\/wp-json\/wp\/v2\/pages\/33\/revisions"}],"predecessor-version":[{"id":512,"href":"https:\/\/yukti.com.ar\/index.php\/wp-json\/wp\/v2\/pages\/33\/revisions\/512"}],"wp:attachment":[{"href":"https:\/\/yukti.com.ar\/index.php\/wp-json\/wp\/v2\/media?parent=33"}],"curies":[{"name":"wp","href":"https:\/\/api.w.org\/{rel}","templated":true}]}}